 Let g = -2 + 7. Let b be (d/25)/((-1)/g). Calculate a(b).
-5
Suppose 14*l = a + 15*l - 5, 5*l - 23 = -4*a. Let f(o) be the third derivative of o**5/60 - o**4/12 + o**3/3 + 2*o**2. Calculate f(a).
2
Let y = -8776 - -8757. Let f(i) = -2*i**3 - 39*i**2 - 15*i + 79. Give f(y).
3
Let y(u) = -u + 1. Suppose -2*z + 2*k = 46, -2*z - 81 = 3*k - 10. Let v = 28 + z. Suppose -22 = -5*d + 2*a, v*a - 6 = -2*d - 2*a. What is y(d)?
-3
Let x = -4/9621 + 86597/19242. Let j(g) be the first derivative of 5*g + 25 + x*g**2 - 1/3*g**3. Give j(7).
19
Let u(b) = 4*b**2 - 66*b - 30. Let w be (-318)/(-3657) - (-778)/46. Calculate u(w).
4
Let a(v) = -v**2. Let i(p) = -8*p**2 - 37*p - 70. Let t(j) = -6*a(j) + i(j). What is t(-2)?
-4
Suppose 889*b - 798*b + 1151*b = -636*b + 13146. Let r(x) = 5*x**2 + 7*x + 13. Let k(w) = 3*w**2 + 3*w + 7. Let f(z) = 7*k(z) - 4*r(z). What is f(b)?
-3
Let t(k) = 4*k**3 - 17*k + 3. Let o(p) = -p**3 + 6*p - 1. Let h = 43 + -26. Let r(m) = h*o(m) + 6*t(m). Calculate r(1).
8
Let t be ((-1)/(-5) + (-144)/(-180))*-12. Let z(j) = -3*j**2 - 36*j + 1. Give z(t).
1
Let s = 575 - 218. Let q(g) = -s + 4*g**3 + 5*g**3 + 358. What is q(-1)?
-8
Let f be -64*(51/2 + -2)/(-2). Let c = f - 752. Let n(r) = -r - 1. Let j(v) = -5*v + 4. Let u(l) = -j(l) + 6*n(l). Calculate u(c).
-10
Let x = -13 - -9. Let h(d) = -13*d**2 + d - 2. Suppose -330*p = -328*p - 10. Let g(c) = 5*c**2 - c + 1. Let w(k) = p*g(k) + 2*h(k). What is w(x)?
-3
Let l(n) = -5*n**2 - 20*n - 65. Let t(w) = -6*w**2 - 11*w - 66. Let r(b) = 4*l(b) - 3*t(b). Calculate r(-22).
4
Let q(s) be the first derivative of s**3/3 + 5*s**2/2 - 33*s + 1898. Give q(-8).
-9
Let b be (-328)/(-40) - 0 - (-1)/(-5). Suppose b*n - 4 + 60 = 0. Let i(z) = z**3 + 8*z**2 + 7*z - 5. Calculate i(n).
-5
Let l be (-4)/6*(-360)/48. Suppose -9*n + l = -4*n. Let c(g) be the second derivative of -3*g**4/4 + g**3/6 + 32*g. Give c(n).
-8
Let t = 7 - 4. Suppose -2*q - 11 - 13 = -5*x, t*q - 14 = -5*x. Let z(u) be the second derivative of u**4/12 - 2*u**3/3 + 2*u**2 + 1573*u. Give z(x).
4
Let h(t) = -t**3 + 9*t**2 - 7*t - 6. Suppose 119 = -7*q - 91. Let l be (q/(-20))/((-18)/8)*-12. Determine h(l).
2
Let s(y) = -2*y**2 + 2*y + 1. Suppose -18 = -o - 6. Suppose -23*h + 25*h - 68 = 0. Suppose 28*c - h*c = -o. What is s(c)?
-3
Suppose -2*h = 3*f - 29, 2*f + 25 = 7*f. Let r = 3 + 2. Let i(l) = -2*l + r + 5 + 3*l. Determine i(h).
17
Let h(n) = -n**2 - n + 4. Suppose -52 = 25*z - 252. Let j be z - 9 - (0 - -4). Calculate h(j).
-16
Let t be ((18/21)/3)/((-408)/2856). Let m(i) be the third derivative of -i**5/60 - i**4/12 - i**3/6 + 7*i**2. What is m(t)?
-1
Let o(d) = -d**3 + 5*d**2 - 2*d - 7. Suppose 0 = -8*t + 3*t - 120. Let p = 32 + -3. Let l = p + t. Give o(l).
-17
Let w(o) = -3*o + 5. Suppose 4*c = -239 + 1579. Let x = 337 - c. What is w(x)?
-1
Let z(l) = -l - 12. Let x(h) be the third derivative of 1/12*h**4 + 0*h + 0*h**5 + 0 - 1/120*h**6 - 1/6*h**3 - 9*h**2. Let i be x(1). Determine z(i).
-12
Let y(t) = -t**2 - 7*t + 14. Let c be (80/(-4))/(-2)*(8/(-16) - 0). Determine y(c).
24
Suppose 31 = 52*l + 187. Let i(s) = -2*s - 1. Let t(x) = x**2 + 14*x + 4. Let b(c) = -6*i(c) - t(c). What is b(l)?
-1
Let h(g) = 4*g**2 + 11*g + 2. Let z be ((-2)/(-4) - 1)/((-25)/(-50)). Let w(v) = -2*v. Let q(n) = z*h(n) - 6*w(n). What is q(2)?
-16
Let n(b) be the first derivative of b**4/2 + 2*b**3 + 2*b**2 - 10*b - 8658. Determine n(-3).
-22
Let t(q) = 2*q**2 + 2*q - 42. Let k(j) = 10*j**2 + 13*j - 170. Let b(f) = k(f) - 4*t(f). Suppose 5*s + 29 = -3*v, v = -5*s - 3*v - 32. Determine b(s).
10
Let m be (1 - (-29)/5) + (-6)/(-30). Suppose -4*k = p + 5, 0 = 3*k - m*k + 4. Let d(z) = z**3 + 9*z**2 + 4. Determine d(p).
4
Let y = 3 - 9. Let h(j) = 141*j**3 + 3*j**2 - 9*j + 8. Let q(g) = 65*g**3 + g**2 - 4*g + 4. Let i(x) = -6*h(x) + 13*q(x). Calculate i(y).
28
Let z(p) be the first derivative of -p**2/2 + 31*p + 629. Calculate z(9).
22
Let u = 28015 - 27992. Let z(i) = -i**3 + 22*i**2 + 19*i + 56. Calculate z(u).
-36
Suppose 68*r - 255 = 63*r. Let l = 125 - r. Suppose -l + 2 = -8*w. Let o(s) = -s**3 + 9*s**2 - 2*s - 1. What is o(w)?
-19
Let v(m) = -27*m + 163. Let i be v(6). Let q(r) = 66*r**3 - r**2 + r - 1. Give q(i).
65
Let h(u) be the first derivative of -2*u**2 + 26*u - 10406. Calculate h(10).
-14
Let m(z) be the third derivative of -z**5/60 - z**4/4 - z**3 - 92*z**2. Suppose 16 = -26*n + 22*n. Determine m(n).
2
Suppose -3*a - 8 = -7*a. Let m be (-58)/(-6) - 6 - a/(-6). Let d be m/(-6)*2/4*-3. Let c(r) = 11*r - 1. What is c(d)?
10
Let q(o) = -3*o**3 + 20*o**2 - 17*o - 28. Let s(g) = 8*g**3 - 58*g**2 + 50*g + 85. Let k(a) = 11*q(a) + 4*s(a). What is k(-13)?
32
Let m(x) = -x + 3. Let r(v) = -v**3 - 5*v**2 - 2*v - 6. Let d(q) = -2*q**2 + 3*q + 9. Let t be d(-2). Let g be r(t). Give m(g).
-1
Let c(j) = 12*j - 1. Let x be c(10). Let d(p) = -2*p + 0 - 3 + 60*p**2 - x*p**2 + 60*p**2. Give d(4).
5
Let b = 1119 - 1117. Let y(k) = -2*k**3 + k**2 + 4*k - 4. Calculate y(b).
-8
Let q(r) = 56*r**2 - 10 - 20*r - 167*r**2 + 114*r**2. Give q(7).
-3
Let v(u) = u**2 - 4*u - 12. Let r be v(-3). Suppose 42*o - 43*o = -r. Let l(j) = j**3 - 8*j**2 - 7*j + 1. Calculate l(o).
19
Let a(r) = -9*r**3 - 2*r**2 + 4*r - 1. Let f = 2196 - 2195. Determine a(f).
-8
Let n(p) = p**3 - 6*p**2 + p + 5. Suppose 4*v = -2*b + 18, 4*v + 3*b + 29 = 44. What is n(v)?
11
Let h(u) = -13*u + 431. Let n(s) = -s + 33. Let k(i) = -h(i) + 12*n(i). What is k(0)?
-35
Let s(a) be the first derivative of 3*a**2/2 + 2*a - 1. Suppose 2689 = 24*x + 10609. Let z = x - -333. Calculate s(z).
11
Let m(c) = c**3 + 6*c**2 + 5*c + 25. Let b be (-1 + -8)/(272/160 - 4/20). What is m(b)?
-5
Let c(b) be the second derivative of -b**5/60 + b**4/12 + b**3/3 + 4*b**2 - 28*b. Let a(q) be the second derivative of c(q). Calculate a(5).
-8
Let z(y) be the first derivative of y**4/12 - y**3/2 - 3*y**2/2 + 24*y + 88. Let j(c) be the first derivative of z(c). Give j(6).
15
Let s(v) = -v**2 + 1. Suppose 0 = -25*t + 17*t - 56. Let f(c) = -c**3 - 7*c**2 - 2*c - 17. Let j be f(t). Let q = j - -4. Calculate s(q).
0
Let g(t) = 2*t. Let h be -52 + (18/14 - (-12)/(-42)). Let i = h + 59. Suppose -4*d - 12 = -i*d. Determine g(d).
6
Suppose 3*b = 10 - 4. Suppose -5*o + 2*o + 4*y = 0, b*o - 1 = 3*y. Let u(m) = -m**3 - 4*m**2 - 2*m - 6. Calculate u(o).
2
Let g(w) be the first derivative of 15*w**2/2 - 478*w + 2365. Give g(32).
2
Let y(f) = 3*f**3 - 21*f**2 - 34*f - 35. Let h(v) = 10*v**3 - 61*v**2 - 106*v - 107. Let g(t) = 2*h(t) - 7*y(t). Give g(26).
31
Let f(v) = 5 + 2 + 16 + 34*v + 1 - 35*v. What is f(5)?
19
Let v(n) = 11*n + 68. Let f be v(-6). Let y be -2*(25/5 - f). Let s(k) = -k**3 - 6*k**2 - k - 2. Determine s(y).
4
Let v(j) be the first derivative of 10*j + 1/3*j**3 - 5*j**2 + 2. Suppose -109 = -19*a + 24. Give v(a).
-11
Suppose -15*f - 10 = 33 + 47. Let k(v) = 2*v + 24. Give k(f).
12
Let p(h) = 13 - 52 - 61 - 4*h + 27. Let m be p(-19). Let s(q) = -5*q**2 + 2. Determine s(m).
-43
Let s be (1 + 0)/((-50)/(-2650)). Suppose -5*z - 13 = -s. Let c(w) = -w + 10. Determine c(z).
2
Let n(s) = 3*s + 9. Let k be ((-10)/8)/((-11)/44). Let f(c) = -2 + c + k - 6. Let q be f(-3). Determine n(q).
-9
Suppose 206*q + 3315 = -15*q. Let k(v) = v**3 + 15*v**2 + 4. What is k(q)?
4
Let z(b) = b**2 - b + 1. Let r(j) = j**2 + 2*j. Let q(g) = -r(g) + 2*z(g). Let f be ((-16)/3)/2*252/(-28). Let s be (-1)/(22/(-84)) + f/132. Give q(s).
2
Let q(g) = 32*g**2 - 36*g**2 + 0*g + 1 - 2*g. Let h = 3673 + -3675. Determine q(h).
-11
Let o(n) = -n**3 + 2*n**2 + 4*n - 3. Let s be o(2). Suppose -2*q = 9 - 33. Let d(i) = i**2 + 10*i**2 + 4*i - 3 - q*i**2. What is d(s)?
-8
Suppose -5*r + 25 = 0, 5*c + 5*r - 17 = 18. Let s(p) = -48*p**c - 6*p + 94*p**2 - 47*p**2 - 3 - 4. Calculate s(-6).
-7
Let b(y) be the first derivative of 5*y**4/4 + 8*y**3/3 + 3*y**2/2 - y - 12116. Give b(-3).
-73
Let g be (-3)/((-57)/(-2)) - (-15895)/(-5491). Let n(p) = p**2 + 3*p + 3. What is n(g)?
3
Let v(z) = z + 17. Let a(b) = -b**3 - 15*b**2 - 10*b + 212. Let g be a(-13). Determine v(g).
21
Suppose -3*w + 25 = 37. Let y(z) be the first derivative of z**3/3 + 2*z**2 + 2*z - 9. Calculate y(w).
2
Suppose 4*s - 488 = 4*v, 634 = -6*v + v - 3*s. Let l = v + 124. Let b(j) = 10*j**3 + j**2 - 1. Calculate b(